se 121*o = 95*o + 216736. Is 120 a factor of o?
False
Suppose -6*j + 4*j = -6. Let g be (1*j)/((-48)/352). Let p = 27 + g. Does 4 divide p?
False
Let f = -6775 - -11850. Is f a multiple of 35?
True
Suppose 0 = 3*z - 4*d - 36319, -5*z + 60509 = -0*z - d. Is 12 a factor of z?
False
Let c(d) = d**2 + 8*d + 127. Let k = -745 - -716. Is 8 a factor of c(k)?
True
Suppose h = 2*j + j - 76, 0 = 5*h + 3*j + 434. Let t be (-4)/(-22) + (-192270)/(-1870). Let q = t + h. Is 8 a factor of q?
False
Is ((-21680)/(-30))/(10/75) a multiple of 19?
False
Let s be 2 + -2 + 42/3. Let i(x) = -2*x**3 + 31*x**2 - 20*x - 6. Does 12 divide i(s)?
False
Suppose 155*g - 167*g + 12444 = 0. Does 17 divide g?
True
Let j be -167*(56/(-26) + (-2)/(-13)). Let b = 1003 - j. Suppose 7*i - b = 59. Is 13 a factor of i?
True
Is 7 a factor of (((-731)/(-34))/(1/28))/((-1)/(-18))?
True
Let r(a) = 3065*a + 99. Is r(1) a multiple of 28?
True
Let n = -876 - -12734. Does 41 divide n?
False
Let l(b) = 4*b**2 + 12*b + 12. Suppose -18*p + 17*p = -3. Suppose -p*w - 20 = 1. Does 15 divide l(w)?
False
Let v(j) = j + 4. Let q be v(-3). Let u(z) = 2*z**3 + 4*z**2 - 8*z + 3. Let i be u(1). Is 3 a factor of q/(-6) + 55/6 + i?
False
Let b(s) = s**2 + 9*s + 23. Let f be b(-5). Is 27 a factor of (-2)/(f*(-6)/1215)?
True
Let i be (-1943)/2*(-9 + 7) - -3. Let y = i + -1219. Suppose y - 178 = 9*h. Is h a multiple of 33?
False
Let b = -471 - -580. Let x = b + -63. Is 3 a factor of x?
False
Suppose -2*k = -53 + 37. Let s be 0/(k/(3 - 7)). Suppose -3*b - 5*u + 841 = s, u - 1127 = -5*b + b. Is 30 a factor of b?
False
Suppose c - 2220 = -3*g, 0 = 5*c - 2*g + 5*g - 11160. Is 15 a factor of c?
True
Suppose 5*p + 16*n - 15*n - 24 = 0, -3*p = n - 16. Suppose -p*w - 3149 = -8*v + 5*v, 5257 = 5*v + 2*w. Is 59 a factor of v?
False
Suppose 5*i + 5 = 3*i + 3*f, 4*i + 5*f - 23 = 0. Suppose 3*j + 4*q = 2204, -1416 - 2276 = -5*j - i*q. Does 20 divide j?
True
Suppose 43*a - 165932 - 77044 = 363324. Is 15 a factor of a?
True
Suppose 318*x - 316*x - 50643 = -5*q, -3*x - 5*q + 75957 = 0. Is x a multiple of 99?
False
Suppose 18 = -3*z - 57. Let c = 11 + z. Let b(g) = g**3 + 13*g**2 - 20*g - 8. Does 19 divide b(c)?
True
Let s = 155 - 151. Suppose -s*u = 2*o - 922, -5*o + 3*o + 3*u = -936. Is 15 a factor of o?
True
Let a = 8678 - 5960. Does 9 divide a?
True
Let n(h) = 249*h + 502. Does 31 divide n(25)?
True
Let t(h) = 2*h**3 - 4*h**2 - 19*h + 15. Let b be t(4). Let z(f) = 27*f + 61. Is z(b) a multiple of 15?
False
Suppose -3*f - 26 = -2*o, 0 = -3*f + 7*f - 8. Suppose -263 + 1479 = o*r. Is r a multiple of 11?
False
Let t = -20240 - -27032. Does 12 divide t?
True
Let k = -243 - -276. Suppose -14 = -34*b + k*b. Is b a multiple of 7?
True
Suppose 169 = -5*j - 8*j. Let r = j + 133. Is r a multiple of 8?
True
Suppose 179712 = 2703*b - 2687*b. Does 27 divide b?
True
Is 150 a factor of (-8)/10 + (-19 - (-735339)/55)?
True
Is (1 + 661 - 8 - 9)*(3 + -1) a multiple of 10?
True
Suppose 14*c - 39706 - 712 = 0. Is 23 a factor of c?
False
Suppose 4*d = 3*j - 3049, -2*j + 1144 = 3*d - 900. Is 23 a factor of j?
False
Suppose 6561 = -21*k - 3918. Let f = -447 - k. Is 3 a factor of f?
False
Does 32 divide (-164)/(7/413*(1 - 2))?
False
Let g = 8264 - 2168. Suppose -g = -92*l + 80*l. Does 78 divide l?
False
Suppose f + 4*a - 43 = 3*a, a = 3*f - 125. Suppose 0 = 37*n - f*n + 325. Is 6 a factor of n?
False
Let n(s) = -3*s**3 + 21*s**2 + 24*s - 13. Let u be n(8). Is 2237/2 + u/((-52)/6) a multiple of 40?
True
Let l = 6208 - 821. Let r = l - 3590. Is 47 a factor of r?
False
Suppose -5*k = -4*r - 33 + 8, 2*k = -2*r + 10. Suppose -3*w + 0*w - 5*b = -64, -4*w + k*b + 132 = 0. Suppose 0 = u + u - w. Is 2 a factor of u?
True
Let d be ((-282)/9)/(8/36 + 0). Let z = 689 + d. Is 12 a factor of z?
False
Suppose 12*n = 7*n + 4*d + 15, 5*n + 3*d + 20 = 0. Is (16/3)/(n/(-27)*2) a multiple of 12?
True
Let d be (-2 - (-2)/1)/(-1). Suppose 3*c + 1 + 11 = d. Does 13 divide (-2856)/(-85) + c/(-10)?
False
Let o = -1910 + 1287. Let y = 898 + o. Is 55 a factor of y?
True
Let c(x) = -x**3 - x**2 + 22*x - 8. Let w be c(4). Suppose -10*k - 296 + 1036 = w. Does 7 divide k?
False
Suppose -302*n + 18*n = -2694024. Is n a multiple of 186?
True
Suppose 81*y - 139*y - 82496 = -122*y. Does 3 divide y?
False
Let n(d) = -2471*d - 3453. Is 61 a factor of n(-13)?
True
Suppose 9540 = -17*o + 47*o. Is 4 a factor of o?
False
Let r = -205 - -173. Let m = r + 40. Is 8 a factor of m?
True
Suppose -3*p = -6 - 9, 0 = 4*o - 8*p - 340720. Is 44 a factor of o?
False
Let b be 3/2 + 6 + (-161)/14. Let k be (-42)/b*(-11 - -41). Suppose -k = 16*j - 21*j. Is j a multiple of 9?
True
Let x(m) = m**2 - 2*m - 10. Let o be x(5). Suppose -f - 12 = -0*k + o*k, -3 = 4*f + 5*k. Suppose 0 = -f*s + 20 + 28. Is 3 a factor of s?
False
Let k = -19893 + 27873. Is 30 a factor of k?
True
Suppose 5*i - v = 49835 + 20163, 4*v - 42031 = -3*i. Does 13 divide i?
True
Let n(c) = -2*c**3 + 84*c**2 - 73*c + 142. Does 31 divide n(41)?
False
Let h be (-1 - 0) + (-7 + 3 - -9). Suppose -h*o - 37 = -57. Suppose -o*q + 69 = -s, -9 = -q + 3*s + 2. Is q a multiple of 7?
True
Let i(m) = -m + 2. Let w be i(5). Let a = w + 5. Suppose 0 = g - a*g + 32. Does 7 divide g?
False
Suppose 37*f + 4*q + 15212 = 41*f, 5*q + 3815 = f. Is f a multiple of 8?
True
Suppose -316 = 5*r - 36. Is 12 a factor of (-1972)/(-7) + (96/r - -2)?
False
Let n(w) = 46*w**3 - 1. Let d be n(1). Let s(c) = -c**2 - 32*c - 100. Let u be s(-28). Suppose v = z + u, -d - 1 = -5*v - 2*z. Is 2 a factor of v?
True
Let w = -2 - -6. Let h(n) = 2*n**3 - 4*n**2 - 2*n + 3. Let u be h(0). Suppose -u*p - 4*a + 109 = 0, -4*a + 177 = w*p - 5*a. Is p a multiple of 11?
False
Is 46 a factor of (5/7 - 1) + (4294512/21)/16?
False
Let h(m) = m**2 + m + 2. Let w(u) = 18*u**2 - 14*u - 111. Let p(f) = -4*h(f) + w(f). Is 17 a factor of p(-6)?
True
Suppose -n = -14*j + 18*j + 166, -3*j = -2*n - 332. Is 2 a factor of (n - 4)/5*12/(-3)?
True
Let h be (-1 - (-5)/(-1))/(15/(-10)). Suppose -4*m = 16 - h. Is (-834)/(-6) + (-12)/m a multiple of 11?
True
Let h(o) = -3*o - 3*o + 3241 - 3165 - o. Is 15 a factor of h(-8)?
False
Let b = -42 + 60. Suppose b*s - 2400 = 3*s. Is s a multiple of 25?
False
Let s = -35 + 30. Let n be 595*((-21)/s)/7. Does 17 divide (26/(-6) - -3)/((-14)/n)?
True
Suppose -2672*w = -2822*w + 3114600. Does 116 divide w?
True
Let k = 23 - 29. Is 24 a factor of -1 + 50 + (-7 - k)?
True
Let v = 11529 + -7289. Does 40 divide v?
True
Let v = 24 - -15. Let u = -37 + v. Does 7 divide 3 + (-1 - 1) + 25 + u?
True
Let r = 216 + -183. Suppose 24 = r*x - 29*x. Is 6 a factor of x?
True
Let f = -19409 + 32458. Is 91 a factor of f?
False
Let y = 9958 + 16810. Is y a multiple of 103?
False
Let w = -3541 - -10338. Is w a multiple of 49?
False
Suppose -3*j + 15 = 0, 3*a - 4*j + 10 = -2*j. Let p be a*5/15 - -4. Suppose 4*x - p*g = 456, -g = -10*x + 5*x + 566. Is x a multiple of 12?
False
Suppose -114*w + 12803 + 209839 = 0. Does 51 divide w?
False
Let f(v) be the first derivative of v**3 - 61*v**2/2 + 17*v + 34. Is f(23) a multiple of 67?
True
Suppose 3*x + 10*d - 14*d - 690 = 0, -2*x + 453 = -5*d. Let w be (-150)/1*1 - -2. Let a = w + x. Is a a multiple of 21?
False
Suppose -3*f = g - 14276, -4762 = 214*f - 215*f - 2*g. Is 6 a factor of f?
True
Let t(f) = -f**2 - 5*f. Let n be t(-4). Suppose -23 = 3*p + n*j, 5*p - j = -0*p. Is 4 a factor of (-5)/5 - 25/p?
True
Does 5 divide (-1)/(19288/2756 + 21/(-3))?
False
Let z be (-136)/(-102)*(-2 + 14/4). Suppose 4*l + 2290 = 5*c + z*l, -5*c + 2305 = l. Does 9 divide c?
False
Suppose -3*a - 45*a + 426693 = -900939. Is 56 a factor of a?
False
Let k(w) = 53*w**2 - 2*w + 4. Let l be k(2). Suppose -2*y = -l + 570. Let j = 259 + y. Is 27 a factor of j?
False
Let c be (-18)/27 - 236/6. Let k = c - -66. Let l = 52 - k. Is l a multiple of 5?
False
Let l be (-49)/(-14)*(-4468)/(-14). Suppose -8*d = -l - 1683. Does 50 divide d?
True
Suppose -8*r - 1976 = -27*r. Is -1 + (r - (-12)/6) a multiple of 35?
True
Suppose 4*i = -4*a - 52, 44 = 2*a - 6*a - 2*i. Is 28 a factor of (2 - -5)/(a/(-4) - 2)?
True
Suppose 0 = -w - 190 + 187. Let i be ((-3)/(-3))/(w/570). Is i/(-30) - 4/(-6) a multiple of 5?
False
Let o(p) = -152 + 6*p**2 + 87 + 7*p**3 + 72 - 6*p. Does 17 divide o(4)?
Tru